{"id":1960,"date":"2023-06-14T17:33:25","date_gmt":"2023-06-14T17:33:25","guid":{"rendered":"https:\/\/abecar.com.br\/acampamento\/?page_id=1960"},"modified":"2024-07-18T18:05:28","modified_gmt":"2024-07-18T18:05:28","slug":"inscricaoacamp","status":"publish","type":"page","link":"https:\/\/abecar.com.br\/acampamento\/inscricaoacamp\/","title":{"rendered":"Acampamento inscricao"},"content":{"rendered":"\t\t<div data-elementor-type=\"wp-page\" data-elementor-id=\"1960\" class=\"elementor elementor-1960\">\n\t\t\t\t\t\t<section class=\"elementor-section elementor-top-section elementor-element elementor-element-4341276 elementor-section-content-top elementor-section-boxed elementor-section-height-default elementor-section-height-default\" data-id=\"4341276\" data-element_type=\"section\" data-e-type=\"section\" data-settings=\"{&quot;background_background&quot;:&quot;classic&quot;}\">\n\t\t\t\t\t\t\t<div class=\"elementor-background-overlay\"><\/div>\n\t\t\t\t\t\t\t<div class=\"elementor-container elementor-column-gap-no\">\n\t\t\t\t\t<div class=\"elementor-column elementor-col-100 elementor-top-column elementor-element elementor-element-7ed4b2b\" data-id=\"7ed4b2b\" data-element_type=\"column\" data-e-type=\"column\">\n\t\t\t<div class=\"elementor-widget-wrap\">\n\t\t\t\t\t\t\t<\/div>\n\t\t<\/div>\n\t\t\t\t\t<\/div>\n\t\t<\/section>\n\t\t\t\t<section class=\"elementor-section elementor-top-section elementor-element elementor-element-f300ac2 elementor-section-boxed elementor-section-height-default elementor-section-height-default\" data-id=\"f300ac2\" data-element_type=\"section\" data-e-type=\"section\">\n\t\t\t\t\t\t<div class=\"elementor-container elementor-column-gap-default\">\n\t\t\t\t\t<div class=\"elementor-column elementor-col-100 elementor-top-column elementor-element elementor-element-0019f3a\" data-id=\"0019f3a\" data-element_type=\"column\" data-e-type=\"column\">\n\t\t\t<div class=\"elementor-widget-wrap elementor-element-populated\">\n\t\t\t\t\t\t<div class=\"elementor-element elementor-element-46e8502 elementor-widget elementor-widget-heading\" data-id=\"46e8502\" data-element_type=\"widget\" data-e-type=\"widget\" data-widget_type=\"heading.default\">\n\t\t\t\t<div class=\"elementor-widget-container\">\n\t\t\t\t\t<h2 class=\"elementor-heading-title elementor-size-default\">Acomoda\u00e7\u00f5es e refei\u00e7\u00f5es inclusas<\/h2>\t\t\t\t<\/div>\n\t\t\t\t<\/div>\n\t\t\t\t<section class=\"elementor-section elementor-inner-section elementor-element elementor-element-b7f0a5c elementor-section-boxed elementor-section-height-default elementor-section-height-default\" data-id=\"b7f0a5c\" data-element_type=\"section\" data-e-type=\"section\">\n\t\t\t\t\t\t<div class=\"elementor-container elementor-column-gap-default\">\n\t\t\t\t\t<div class=\"elementor-column elementor-col-100 elementor-inner-column elementor-element elementor-element-bd95125\" data-id=\"bd95125\" data-element_type=\"column\" data-e-type=\"column\">\n\t\t\t<div class=\"elementor-widget-wrap elementor-element-populated\">\n\t\t\t\t\t\t<div class=\"elementor-element elementor-element-0eb472c elementor-widget elementor-widget-image\" data-id=\"0eb472c\" data-element_type=\"widget\" data-e-type=\"widget\" data-widget_type=\"image.default\">\n\t\t\t\t<div class=\"elementor-widget-container\">\n\t\t\t\t\t\t\t\t\t\t\t\t\t\t\t<img decoding=\"async\" data-src=\"https:\/\/abecar.com.br\/acampamento\/wp-content\/uploads\/elementor\/thumbs\/2d697177-b75b-41f0-83df-ad65713f75bf-qpgogjeoxramco1556zq6u17kx8tlp0cvwiawwytrs.jpg\" title=\"2d697177-b75b-41f0-83df-ad65713f75bf\" alt=\"2d697177-b75b-41f0-83df-ad65713f75bf\" src=\"data:image\/svg+xml;base64,PHN2ZyB3aWR0aD0iMSIgaGVpZ2h0PSIxIiB4bWxucz0iaHR0cDovL3d3dy53My5vcmcvMjAwMC9zdmciPjwvc3ZnPg==\" class=\"lazyload\" style=\"--smush-placeholder-width: 620px; --smush-placeholder-aspect-ratio: 620\/620;\" \/>\t\t\t\t\t\t\t\t\t\t\t\t\t\t\t<\/div>\n\t\t\t\t<\/div>\n\t\t\t\t<div class=\"elementor-element elementor-element-f1bec05 elementor-widget elementor-widget-text-editor\" data-id=\"f1bec05\" data-element_type=\"widget\" data-e-type=\"widget\" data-widget_type=\"text-editor.default\">\n\t\t\t\t<div class=\"elementor-widget-container\">\n\t\t\t\t\t\t\t\t\t<p>Ap\u00f3s preencher o formul\u00e1rio <strong>n\u00f3s entraremos em contato com voc\u00ea<\/strong>.<\/p><p>Ap\u00f3s preencher e escolher sua forma de pagamento, voc\u00ea pode clicar nos links <strong>de pagamento por cart\u00e3o ou<\/strong> fazer seu pagamento por pix- Chave <strong>CNPJ: 44.288.504\/0001-24<\/strong>, depois \u00e9 s\u00f3 enviar o comprovante pelo WhatsApp clicando no bot\u00e3o abaixo.<\/p>\t\t\t\t\t\t\t\t<\/div>\n\t\t\t\t<\/div>\n\t\t\t\t<div class=\"elementor-element elementor-element-258c485 elementor-align-center elementor-widget elementor-widget-elementskit-button\" data-id=\"258c485\" data-element_type=\"widget\" data-e-type=\"widget\" data-widget_type=\"elementskit-button.default\">\n\t\t\t\t<div class=\"elementor-widget-container\">\n\t\t\t\t\t<div class=\"ekit-wid-con\" >\t\t<div class=\"ekit-btn-wraper\">\n\t\t\t\t\t\t\t<a href=\"https:\/\/cielolink.com.br\/4c6aarK\" class=\"elementskit-btn  whitespace--normal\" id=\"\">\n\t\t\t\t\tPagamento vista cart\u00e3o\t\t\t\t<\/a>\n\t\t\t\t\t<\/div>\n        <\/div>\t\t\t\t<\/div>\n\t\t\t\t<\/div>\n\t\t\t\t<div class=\"elementor-element elementor-element-44b348f elementor-align-center elementor-widget elementor-widget-elementskit-button\" data-id=\"44b348f\" data-element_type=\"widget\" data-e-type=\"widget\" data-widget_type=\"elementskit-button.default\">\n\t\t\t\t<div class=\"elementor-widget-container\">\n\t\t\t\t\t<div class=\"ekit-wid-con\" >\t\t<div class=\"ekit-btn-wraper\">\n\t\t\t\t\t\t\t<a href=\"https:\/\/cielolink.com.br\/45uLua3\" class=\"elementskit-btn  whitespace--normal\" id=\"\">\n\t\t\t\t\tPagamento em 2x Cart\u00e3o\t\t\t\t<\/a>\n\t\t\t\t\t<\/div>\n        <\/div>\t\t\t\t<\/div>\n\t\t\t\t<\/div>\n\t\t\t\t<div class=\"elementor-element elementor-element-015222b elementor-align-center elementor-widget elementor-widget-elementskit-button\" data-id=\"015222b\" data-element_type=\"widget\" data-e-type=\"widget\" data-widget_type=\"elementskit-button.default\">\n\t\t\t\t<div class=\"elementor-widget-container\">\n\t\t\t\t\t<div class=\"ekit-wid-con\" >\t\t<div class=\"ekit-btn-wraper\">\n\t\t\t\t\t\t\t<a href=\"https:\/\/api.whatsapp.com\/send?phone=5511954758616&#038;text=Ol%C3%A1%2C%20cliquei%20no%20site%20da%20reserva%20para%20o%20acampamento%20de%20inverno%20das%20crian%C3%A7as%2C%20pode%20me%20ajudar%3F\" class=\"elementskit-btn  whitespace--normal\" id=\"\">\n\t\t\t\t\tEnvio de comprovante d\u00favidas\t\t\t\t<\/a>\n\t\t\t\t\t<\/div>\n        <\/div>\t\t\t\t<\/div>\n\t\t\t\t<\/div>\n\t\t\t\t<div class=\"elementor-element elementor-element-0ccdc23 elementor-widget elementor-widget-heading\" data-id=\"0ccdc23\" data-element_type=\"widget\" data-e-type=\"widget\" data-widget_type=\"heading.default\">\n\t\t\t\t<div class=\"elementor-widget-container\">\n\t\t\t\t\t<h2 class=\"elementor-heading-title elementor-size-default\">INSCRI\u00c7\u00d5ES ENCERRADAS!<\/h2>\t\t\t\t<\/div>\n\t\t\t\t<\/div>\n\t\t\t\t\t<\/div>\n\t\t<\/div>\n\t\t\t\t\t<\/div>\n\t\t<\/section>\n\t\t\t\t<div class=\"elementor-element elementor-element-39a05ea elementor-widget elementor-widget-text-editor\" data-id=\"39a05ea\" data-element_type=\"widget\" data-e-type=\"widget\" data-widget_type=\"text-editor.default\">\n\t\t\t\t<div class=\"elementor-widget-container\">\n\t\t\t\t\t\t\t\t\t<p style=\"text-align: center;\">Depois que voc\u00ea preencher, n\u00f3s entraremos em contato com voc\u00ea<\/p>\t\t\t\t\t\t\t\t<\/div>\n\t\t\t\t<\/div>\n\t\t\t\t<div class=\"elementor-element elementor-element-72d3cc2 elementor-widget elementor-widget-text-editor\" data-id=\"72d3cc2\" data-element_type=\"widget\" data-e-type=\"widget\" data-widget_type=\"text-editor.default\">\n\t\t\t\t<div class=\"elementor-widget-container\">\n\t\t\t\t\t\t\t\t\t<div class=\"elementor-element elementor-element-d468000 elementor-widget elementor-widget-heading\" data-id=\"d468000\" data-element_type=\"widget\" data-widget_type=\"heading.default\"><div class=\"elementor-widget-container\"><h3 class=\"elementor-heading-title elementor-size-default\" style=\"text-align: center;\"><span style=\"color: #008000;\">O Acampamento<\/span><\/h3><\/div><\/div><div class=\"elementor-element elementor-element-2c29309 elementor-widget elementor-widget-text-editor\" data-id=\"2c29309\" data-element_type=\"widget\" data-widget_type=\"text-editor.default\"><div class=\"elementor-widget-container\"><p class=\"p1\" style=\"text-align: center;\"><span class=\"s1\">Estrutura<\/span><\/p><p class=\"p2\" style=\"text-align: center;\">* Dormit\u00f3rios feminino e masculino com banheiros (capacidade para 85 pessoas)<\/p><p class=\"p2\" style=\"text-align: center;\">* Restaurante no formato self service<\/p><p class=\"p2\" style=\"text-align: center;\">* Audit\u00f3rio com palco e lareira com capacidade para 120 pessoas<\/p><p class=\"p2\" style=\"text-align: center;\">* \u00c1rea externa espec\u00edfica para \u2018Culto da Fogueira\u2019 com assentos individuais<\/p><\/div><\/div>\t\t\t\t\t\t\t\t<\/div>\n\t\t\t\t<\/div>\n\t\t\t\t<div class=\"elementor-element elementor-element-ab4150f elementor-align-center elementor-widget elementor-widget-button\" data-id=\"ab4150f\" data-element_type=\"widget\" data-e-type=\"widget\" data-widget_type=\"button.default\">\n\t\t\t\t<div class=\"elementor-widget-container\">\n\t\t\t\t\t\t\t\t\t<div class=\"elementor-button-wrapper\">\n\t\t\t\t\t<a class=\"elementor-button elementor-button-link elementor-size-sm\" href=\"https:\/\/api.whatsapp.com\/send?phone=5511954758616&#038;text=Ol%C3%A1%2C%20cliquei%20no%20site%20da%20reserva%20para%20o%20acampamento%20de%20inverno%20das%20crian%C3%A7as%2C%20pode%20me%20ajudar%3F\">\n\t\t\t\t\t\t<span class=\"elementor-button-content-wrapper\">\n\t\t\t\t\t\t\t\t\t<span class=\"elementor-button-text\">Saiba mais<\/span>\n\t\t\t\t\t<\/span>\n\t\t\t\t\t<\/a>\n\t\t\t\t<\/div>\n\t\t\t\t\t\t\t\t<\/div>\n\t\t\t\t<\/div>\n\t\t\t\t\t<\/div>\n\t\t<\/div>\n\t\t\t\t\t<\/div>\n\t\t<\/section>\n\t\t\t\t<section class=\"elementor-section elementor-top-section elementor-element elementor-element-a828491 elementor-section-boxed elementor-section-height-default elementor-section-height-default\" data-id=\"a828491\" data-element_type=\"section\" data-e-type=\"section\">\n\t\t\t\t\t\t<div class=\"elementor-container elementor-column-gap-default\">\n\t\t\t\t\t<div class=\"elementor-column elementor-col-100 elementor-top-column elementor-element elementor-element-dc0439b\" data-id=\"dc0439b\" data-element_type=\"column\" data-e-type=\"column\">\n\t\t\t<div class=\"elementor-widget-wrap elementor-element-populated\">\n\t\t\t\t\t\t<div class=\"elementor-element elementor-element-f8c1f51 elementor-widget elementor-widget-text-editor\" data-id=\"f8c1f51\" data-element_type=\"widget\" data-e-type=\"widget\" data-widget_type=\"text-editor.default\">\n\t\t\t\t<div class=\"elementor-widget-container\">\n\t\t\t\t\t\t\t\t\t<p>\u00a0<\/p><p><blockquote class=\"wp-embedded-content\" data-secret=\"EJnOy2ssd8\"><a href=\"https:\/\/abecar.com.br\/acampamento\/politica-de-privacidade\/\">Politica de Privacidade<\/a><\/blockquote><iframe class=\"wp-embedded-content lazyload\" sandbox=\"allow-scripts\" security=\"restricted\" style=\"position: absolute; clip: rect(1px, 1px, 1px, 1px);\" title=\"&#8220;Politica de Privacidade&#8221; &#8212; \" data-src=\"https:\/\/abecar.com.br\/acampamento\/politica-de-privacidade\/embed\/#?secret=H2vaLeFV11#?secret=EJnOy2ssd8\" data-secret=\"EJnOy2ssd8\" width=\"500\" height=\"282\" frameborder=\"0\" marginwidth=\"0\" marginheight=\"0\" scrolling=\"no\" src=\"data:image\/svg+xml;base64,PHN2ZyB3aWR0aD0iMSIgaGVpZ2h0PSIxIiB4bWxucz0iaHR0cDovL3d3dy53My5vcmcvMjAwMC9zdmciPjwvc3ZnPg==\" data-load-mode=\"1\"><\/iframe><\/p>\t\t\t\t\t\t\t\t<\/div>\n\t\t\t\t<\/div>\n\t\t\t\t\t<\/div>\n\t\t<\/div>\n\t\t\t\t\t<\/div>\n\t\t<\/section>\n\t\t\t\t<\/div>\n\t\t","protected":false},"excerpt":{"rendered":"<p>Acomoda\u00e7\u00f5es e refei\u00e7\u00f5es inclusas Ap\u00f3s preencher o formul\u00e1rio n\u00f3s entraremos em contato com voc\u00ea. Ap\u00f3s preencher e escolher sua forma de pagamento, voc\u00ea pode clicar nos links de pagamento por cart\u00e3o ou fazer seu pagamento por pix- Chave CNPJ: 44.288.504\/0001-24, depois \u00e9 s\u00f3 enviar o comprovante pelo WhatsApp clicando no bot\u00e3o abaixo. Pagamento vista cart\u00e3o [&hellip;]<\/p>\n","protected":false},"author":1,"featured_media":0,"parent":0,"menu_order":0,"comment_status":"closed","ping_status":"closed","template":"","meta":{"site-sidebar-layout":"no-sidebar","site-content-layout":"page-builder","ast-site-content-layout":"default","site-content-style":"default","site-sidebar-style":"default","ast-global-header-display":"","ast-banner-title-visibility":"","ast-main-header-display":"","ast-hfb-above-header-display":"","ast-hfb-below-header-display":"","ast-hfb-mobile-header-display":"","site-post-title":"disabled","ast-breadcrumbs-content":"disabled","ast-featured-img":"disabled","footer-sml-layout":"","ast-disable-related-posts":"","theme-transparent-header-meta":"enabled","adv-header-id-meta":"","stick-header-meta":"","header-above-stick-meta":"","header-main-stick-meta":"","header-below-stick-meta":"","astra-migrate-meta-layouts":"default","ast-page-background-enabled":"default","ast-page-background-meta":{"desktop":{"background-color":"","background-image":"","background-repeat":"repeat","background-position":"center center","background-size":"auto","background-attachment":"scroll","background-type":"","background-media":"","overlay-type":"","overlay-color":"","overlay-opacity":"","overlay-gradient":""},"tablet":{"background-color":"","background-image":"","background-repeat":"repeat","background-position":"center center","background-size":"auto","background-attachment":"scroll","background-type":"","background-media":"","overlay-type":"","overlay-color":"","overlay-opacity":"","overlay-gradient":""},"mobile":{"background-color":"","background-image":"","background-repeat":"repeat","background-position":"center center","background-size":"auto","background-attachment":"scroll","background-type":"","background-media":"","overlay-type":"","overlay-color":"","overlay-opacity":"","overlay-gradient":""}},"ast-content-background-meta":{"desktop":{"background-color":"var(--ast-global-color-5)","background-image":"","background-repeat":"repeat","background-position":"center center","background-size":"auto","background-attachment":"scroll","background-type":"","background-media":"","overlay-type":"","overlay-color":"","overlay-opacity":"","overlay-gradient":""},"tablet":{"background-color":"var(--ast-global-color-5)","background-image":"","background-repeat":"repeat","background-position":"center center","background-size":"auto","background-attachment":"scroll","background-type":"","background-media":"","overlay-type":"","overlay-color":"","overlay-opacity":"","overlay-gradient":""},"mobile":{"background-color":"var(--ast-global-color-5)","background-image":"","background-repeat":"repeat","background-position":"center center","background-size":"auto","background-attachment":"scroll","background-type":"","background-media":"","overlay-type":"","overlay-color":"","overlay-opacity":"","overlay-gradient":""}},"_joinchat":[],"footnotes":""},"class_list":["post-1960","page","type-page","status-publish","hentry"],"_links":{"self":[{"href":"https:\/\/abecar.com.br\/acampamento\/wp-json\/wp\/v2\/pages\/1960","targetHints":{"allow":["GET"]}}],"collection":[{"href":"https:\/\/abecar.com.br\/acampamento\/wp-json\/wp\/v2\/pages"}],"about":[{"href":"https:\/\/abecar.com.br\/acampamento\/wp-json\/wp\/v2\/types\/page"}],"author":[{"embeddable":true,"href":"https:\/\/abecar.com.br\/acampamento\/wp-json\/wp\/v2\/users\/1"}],"replies":[{"embeddable":true,"href":"https:\/\/abecar.com.br\/acampamento\/wp-json\/wp\/v2\/comments?post=1960"}],"version-history":[{"count":40,"href":"https:\/\/abecar.com.br\/acampamento\/wp-json\/wp\/v2\/pages\/1960\/revisions"}],"predecessor-version":[{"id":2050,"href":"https:\/\/abecar.com.br\/acampamento\/wp-json\/wp\/v2\/pages\/1960\/revisions\/2050"}],"wp:attachment":[{"href":"https:\/\/abecar.com.br\/acampamento\/wp-json\/wp\/v2\/media?parent=1960"}],"curies":[{"name":"wp","href":"https:\/\/api.w.org\/{rel}","templated":true}]}}